 Is i a composite number?
False
Suppose -5*l = 103 - 703. Suppose 1440 = -4*u - l. Let b = -259 - u. Is b a composite number?
False
Suppose 231*p = 241*p - 605290. Is p a composite number?
True
Suppose -13*p + 12 = -11*p. Is (p + -4)*50/4 a prime number?
False
Suppose -5*a + 145 = 5*q, 9*a - 6*a = 2*q + 67. Is a composite?
True
Suppose 8*i - 3815 = 3*i. Let j = 1442 - i. Is j a prime number?
False
Suppose -2*d - 40 = -2*t + 2*d, 4*t - 3*d - 85 = 0. Suppose -t*g + 3477 = -19*g. Is g prime?
False
Let r = 18920 + -9887. Is r prime?
False
Let o = -19 - -23. Let m(u) = -5*u**2 + 3*u - 6. Let t be m(o). Let s = 168 + t. Is s prime?
False
Suppose -14*h = -15*h - 127. Let f = -62 - h. Suppose -202 - f = -t. Is t prime?
False
Let a(j) be the second derivative of 22*j**3/3 - 3*j**2/2 + j. Let p be (15/(-9))/((-60)/72). Is a(p) a prime number?
False
Suppose -9*p = -4*p - 14455. Suppose -4*i + p = 4*v - 1717, 5*i - v = 5754. Is i a composite number?
False
Let c(x) be the first derivative of x**3/3 - 5*x**2/2 + 5*x - 1. Let o be c(5). Suppose -35 - 15 = -o*t. Is t a prime number?
False
Let t(z) = -4*z + 18. Suppose 0*v = -4*v - 4*h + 8, 3*v - 4 = -5*h. Suppose -2 = a - v, 0 = 4*p + a + 43. Is t(p) composite?
True
Let c = 9018 - -181. Is c prime?
True
Let b(a) = 595*a + 134. Is b(5) prime?
True
Let a(n) = 37*n - 2. Let b = 78 - 113. Let u = -34 - b. Is a(u) a prime number?
False
Let f(j) = -3*j + 547. Let x(d) = d**3 - 14*d**2 - d + 14. Let k be x(14). Is f(k) prime?
True
Let k = -4108 - -7115. Is k prime?
False
Suppose 0 = -42*w + 908331 + 826899. Is w a composite number?
True
Suppose -3*v = 0, 4*h - v = -5*v + 2876. Is h prime?
True
Suppose -65*r = 2*b - 64*r - 9149, -2*b - 3*r = -9155. Is b composite?
True
Suppose -6*r - 3903 = -261. Suppose 2*y = -2*o - 460 + 2674, y - 3*o - 1103 = 0. Let n = y + r. Is n a composite number?
False
Let l = -13 + 11. Let g be (l/4)/((-7)/42). Suppose -3*v + 1458 = g*x, 0 = -5*x - 2*v + 4*v + 2437. Is x a prime number?
True
Let q be (-1 - (-1 - -1))*(-325 - -16). Suppose 0 = 2*n - 5*n + q. Is n composite?
False
Let v(q) = q**2 + q + 479. Let b be v(0). Let r = 144 - 141. Suppose 0 = r*a - b - 274. Is a a composite number?
False
Let d(q) = -q**2 - 13*q - 11. Let a be d(-12). Is (a + 10/(-5))*-1983 a prime number?
False
Suppose 15*v - 1357541 = -86*v. Is v composite?
False
Let l = 23409 + -7400. Is l composite?
True
Let n = 19815 - 10288. Is n a prime number?
False
Is 1/2 - (-167583)/78 prime?
False
Suppose -32208 = -4*z + 4*m, 4*z + m + m = 32190. Is z a composite number?
True
Let k be (1 - 2)/(3 + (-80)/28). Is k*(-2)/49 - (-9558)/14 a composite number?
False
Let i = -2 - -8. Suppose -m - 445 = -i*m. Is m a prime number?
True
Suppose -2*l - 2*r + 5918 = -0*r, -2*r + 14807 = 5*l. Is l composite?
False
Suppose -3*h + 2*a = a - 27, 4*h = 2*a + 38. Suppose 3*u + 1065 = h*u. Is u composite?
True
Suppose 5*y = b - 824, 2*y - 62 + 382 = -2*b. Let k = y + 1525. Is k prime?
True
Suppose 4*a + 28 = 11*a. Suppose 5*n + 2*l = 9914, -n - 5938 = -4*n + a*l. Is n a prime number?
False
Is (-1)/(35/(-153888)) - 1/(-5) composite?
False
Let s = -29 - -19. Is (-2)/s - 11802/(-15) a composite number?
False
Suppose 3*l = -0*l + 15. Let c = l - -12. Let w = 36 + c. Is w prime?
True
Let v(b) = -82*b**3 + b**2 + b. Let x = 1 - -17. Let n = x - 19. Is v(n) a composite number?
True
Let r(n) be the first derivative of 2*n**3/3 - 7*n**2 + 29*n - 12. Is r(-15) a prime number?
False
Is -2 + (403/78)/(4/3048) prime?
False
Let s(f) = -167*f + 8. Let g be s(-10). Let o = -935 + g. Is o a composite number?
False
Let b = 27798 - 2953. Is b composite?
True
Let r(g) = -2*g**2 - 4*g. Let q be r(-2). Suppose 22*p - 20*p - 962 = q. Is p a composite number?
True
Let x(y) = 36*y**3 + 2*y**2 + 3*y - 25. Is x(6) a prime number?
True
Let j = 0 + 4. Suppose 25 = 5*t, -5*i - 4*t + 11 = -24. Suppose -j*f + i*f + 59 = 0. Is f prime?
True
Let y(l) = 5*l**2 + 6*l + 14. Let q(d) = -21*d**2 - 24*d - 56. Let j(m) = 2*q(m) + 9*y(m). Is j(-9) composite?
True
Suppose -c = 3*m - 110, -c + 2*c = m + 122. Is c composite?
True
Suppose 9*s - 2*s + 5950 = 0. Let n = -435 - s. Is n prime?
False
Let f(t) = 134*t - 14. Let x be f(12). Let u = 141 + x. Is u prime?
False
Suppose -3*z = r - 59 - 6, z + 3*r = 35. Is ((-925)/z)/((-4)/16) composite?
True
Let a = 14 - 7. Let j be a/7 + 406 + 1. Suppose 1232 = 3*o - 3*y - 2*y, -y = o - j. Is o prime?
True
Let k(j) = 6*j - 7 + 0*j - 8*j. Let m be k(-6). Suppose -3*b + 1240 = 5*p, -3*p - 1230 = -8*p - m*b. Is p composite?
False
Is -1 - -15096 - (-42)/(-7) a composite number?
True
Suppose -5 = 7*n - 12*n. Suppose -18 = 3*r + 3*w, -5*r - 4 = -4*w - n. Is (-2)/((12/326)/r) a prime number?
True
Suppose -2*b - p - p = 2, 5*p + 15 = 0. Is 37/b*(4 - -6) a prime number?
False
Let t(j) = 5*j**3 + 18*j**2 + 13*j - 19. Is t(13) a composite number?
False
Suppose 12*t + 2533 = 13*t. Is t a composite number?
True
Let j = -991 - -1408. Suppose -10*x + 14*x = 4, 1416 = 2*h - 4*x. Let c = h - j. Is c a composite number?
False
Let a be (2 - 1)*-10*1. Let u(n) = -73*n + 13. Is u(a) composite?
False
Let z = -43 + 45. Suppose 13256 = -z*c + 10*c. Is c a prime number?
True
Is -331*(-4)/24*(-3 + 9) prime?
True
Suppose -112*n + 3484796 = -44*n. Is n a prime number?
False
Suppose -217882 - 33043 = -25*m. Is m a composite number?
False
Suppose 6*w = 4*x + 2*w + 4, -15 = 3*w. Let u(s) = -2 - 3*s - 12*s + 9. Is u(x) a prime number?
True
Suppose -3*b + 3 - 27 = -4*x, -5*b = -5*x + 40. Let v(j) = -2*j**3 - 4*j**2 - 10*j - 9. Is v(b) a prime number?
True
Suppose 33*d - 29*d = 4. Is (8 + -1090)*d/(-2) a prime number?
True
Let p(f) = -f**3 + 19*f**2 + 3*f + 31. Let j be ((-30)/(-105) - (-18)/(-14))*10. Is p(j) a composite number?
True
Is -1 + -21*(-3130)/15 composite?
True
Let g be 6/(-10) - 13884/60. Let f = -160 - g. Is (-478)/(-3)*f/16 a composite number?
True
Let k(x) = 7*x + 11. Let j(p) = -4*p - 6. Let z(i) = 5*j(i) + 2*k(i). Let m(d) = 2*d**2 + 16*d + 19. Let y be m(-6). Is z(y) a composite number?
True
Let y(t) be the third derivative of -t**6/120 - 7*t**5/60 + t**4/24 + 3*t**3/2 - 5*t**2. Let u be y(-7). Suppose -u*g - 14 + 42 = 0. Is g a prime number?
False
Suppose 2 - 11 = -3*n. Is (-60)/((-213)/(-72) - n) + -1 prime?
True
Let g(u) = 136*u**2 + 186*u**2 + 3*u + 2 + 99*u**2 - 4*u. Let r be g(1). Suppose 2*f + r = 4*f. Is f prime?
True
Let j be (0 - -1) + (9 - -7). Suppose 2*x = -2*g - 16, 3*x = -4*g + 2*g - j. Let t(b) = -70*b - 5. Is t(g) prime?
False
Is ((-1)/((-6)/12))/((-2)/(-3263)) prime?
False
Let m = -15 + 17. Suppose 4 = 3*o + 5*y, 0 = y - 1 + m. Suppose -5*c - o*z = -8663, -2*c - c = -5*z - 5225. Is c a prime number?
False
Let z be (-2)/(3 - 44/12). Suppose 0 = 4*q + 3*g - 796 - 15, 2*q - z*g - 419 = 0. Is q composite?
True
Is 4132 + (27/63 - (-38)/(-7)) prime?
True
Let j = 24 + -22. Let a(n) = 3*n + 30*n**j + 22*n**2 + 101*n**2 - 5. Is a(3) composite?
False
Suppose 0 = -6*x + 116 - 32. Let o = x + -7. Let f(i) = 12*i - 13. Is f(o) composite?
False
Suppose -3*q = 2*f - 2138, 3*f - 6*f + 3207 = 5*q. Is f composite?
False
Let u be 300/48 - (-2)/(-8). Suppose 3*c = u, 5*q - 59 = 3*c - 20. Let a = q + 34. Is a a composite number?
False
Suppose -7 = -x - 3. Suppose 5*a + x*w - 1507 = 0, -a + 308 = -w + 4*w. Is a a prime number?
False
Suppose -j + 12 = 4*t, 0 = -2*t - j + 2*j + 6. Suppose 0 = -t*p + 4*i + 2021, 2*p + i = 3*p - 673. Is p a composite number?
True
Suppose 3*m + 5028 + 2457 = 0. Let c = -1408 - m. Is c prime?
True
Let h(s) = -2253*s**3 + 3*s**2 - 3*s - 1. Is h(-2) prime?
True
Is (-1)/(-308*5873/361774 + 5) a prime number?
True
Let x be (-6)/(-9)*(-9)/(-2). Suppose 3*m + 2 + 1 = 0, 4*m = x*q - 4201. Is q prime?
True
Suppose -7*t + 9691 = -3*t - k, 3*t + 4*k - 7273 = 0. Is t a composite number?
False
Suppose 4730 = 3*p - 16627. Is p/11 + 2/(-11) a composite number?
False
Let g = 27193 + -13826. Is g a composite number?
False
Suppose -98548 = -r - a, -2*r + 2*a = -5*r + 295639. Is r composite?
False
Suppose 18*c + 18722 - 100244 = 0. Is c a prime number?
False
Suppose -4445 = -5*u + 2*x, 2*x + 2619 = 4*u - 939. Is u composite?
False
Let b = 2608 + -932. Suppose 0 = -5*q + q + b. Is q a composite number?
False
Let p(b) = 29*b**2 + 15*b + 5. Let v(m) = -15